 the greatest common divisor of c and o?
3
Let j(t) = -3*t + 122. Let l be j(10). Calculate the greatest common divisor of 506 and l.
46
Suppose 0 = -3*p - 4*p + 98. What is the greatest common divisor of p and 28?
14
Let i = 3 - 6. Let o(l) = l**3 + 5*l**2 + 3*l - 1. Let r be o(i). Suppose -10*c + 24 = 4. What is the highest common divisor of r and c?
2
Let d(u) = -u**3 - 3*u**2 + 3*u - 4. Let y be d(-4). Let h be -6 + 51 - y/2. Calculate the greatest common divisor of 5 and h.
5
Suppose 48*i - 62*i = -168. What is the greatest common factor of 6 and i?
6
Suppose 3*v = 0, -4*m + 4 = 5*v - 4. Let y be m/2 - (-3 - 66/6). Calculate the highest common factor of 25 and y.
5
Suppose -4*h + 139 = -5*c, 0*h + 3*c - 53 = -2*h. Suppose m + h = 3*m - f, -m - 4*f = -2. What is the highest common divisor of m and 35?
7
Let r = 6 - -19. Suppose -r = 5*j, 2*y = -y - 3*j. Suppose y*x = 2*l - 100, -l + 3*x + 228 = 3*l. Calculate the highest common factor of 30 and l.
30
Let t(m) = m**3 - m**2 - 28*m + 14. Let q be t(-5). Let v(i) = i**2 + 2*i + 1. Let x be v(5). Calculate the greatest common factor of q and x.
4
Let u be (-100)/40*(-12)/15. Let y be (-104)/(-10) - (-10)/(-25). What is the highest common divisor of u and y?
2
Suppose 61*a - 116 = 57*a - 4*u, 0 = 2*a + 4*u - 50. What is the highest common factor of 671 and a?
11
Suppose 47 - 35 = 4*o. Suppose 4*i + 3*q = -0*i + 41, -22 = -o*i - 4*q. What is the highest common factor of 112 and i?
14
Let r = -479 + 619. What is the highest common divisor of r and 14?
14
Let y be (-2)/2 - 60/((-16)/4). Let o = 41 - 15. Let h = o - y. Calculate the greatest common divisor of h and 4.
4
Let k = -14 - -34. Let y = 0 + 0. Suppose -4*j = -y*j - 120. Calculate the highest common factor of j and k.
10
Let n be (-56)/(-72) - 12/(-54). Calculate the greatest common divisor of n and 16.
1
Let u be (-3)/(-4)*(-8 + 5 - -7). Suppose 0*q + 51 = u*a - 3*q, 4*a - 77 = q. What is the greatest common divisor of a and 30?
10
Suppose 0 = 15*z + 40*z - 1485. What is the highest common divisor of z and 1971?
27
Let k be (-145)/(-15) - ((-2)/6 - 0). Calculate the highest common divisor of k and 170.
10
Let d(n) = n - 4. Let s be d(3). Let m be 3 + -4 + 4 - s. What is the highest common divisor of m and 4?
4
Let u = 37 - -71. What is the greatest common divisor of u and 72?
36
Let d be (-7)/49 + 5293/7. What is the highest common divisor of d and 28?
28
Suppose -5*u + 18 + 2 = 2*m, -5*u = -m - 5. Suppose -m*t + 6 - 11 = 0. Let y = t + 4. Calculate the highest common factor of 27 and y.
3
Let u(h) = -h**3 + 29*h**2 + 32*h - 44. Suppose 0 = 8*n - 280 + 40. Let k be u(n). Suppose -3*l + 20 = 2*l. Calculate the greatest common divisor of l and k.
4
Let t be (-1 + 22)/((-9)/(-24 + -3)). What is the highest common divisor of 225 and t?
9
Let i = -167 + 188. What is the greatest common divisor of i and 7?
7
Suppose -22*s + 21728 = -448. What is the highest common divisor of s and 576?
144
Let x(j) be the first derivative of -8 + 16*j - 1/2*j**2. Let t be x(7). Calculate the greatest common divisor of t and 81.
9
Let q be (153/(-34))/(2/(-4)). Let t = -17 + 26. What is the highest common divisor of t and q?
9
Suppose -o + 430 = 2*m, -2*m = m - 4*o - 656. Calculate the greatest common factor of m and 144.
72
Suppose -5*d + 5 = 0, 4*d = y + 2*y - 5. Suppose -3*j - 270 = 2*j. Let w = j - -75. What is the highest common factor of y and w?
3
Let j = 878 + -814. Calculate the highest common factor of 64 and j.
64
Let a(i) = -5*i - i - 17 - 2 + 2*i. Let d be a(-7). Suppose -f + 4 - 1 = 0. What is the greatest common factor of f and d?
3
Suppose 2*q + 3*d - 46 = 340, 4*d = 4*q - 792. What is the greatest common divisor of q and 84?
28
Suppose 0 = 5*d - 2*u - 43 - 75, 2*u = -2*d + 50. Let x be (-2)/(-8) - (-206)/8. Let r = 10 + x. Calculate the greatest common factor of d and r.
12
Let o(j) = -151*j + 26. Let y be o(-4). What is the greatest common factor of y and 70?
70
Suppose -i = -6*i + 10. Suppose m + i*m - 3*c = 51, -4*m + 36 = 4*c. Calculate the greatest common factor of 13 and m.
13
Suppose 2*b + 2*p - 27 = -9, -2*p = 5*b - 30. Suppose 30 = 3*q + i - 4*i, 5*i - 50 = -5*q. Calculate the greatest common divisor of q and b.
2
Let o(a) = -a**3 + 6*a**2 + 2*a - 15. Let g be o(5). Calculate the highest common factor of g and 4.
4
Let c be 0 + 2 - (-2)/(-2). Let i = 1470 + -1462. What is the greatest common factor of c and i?
1
Let r be (2 + -5)/(-2 + 1). Suppose 0 = r*y + 183 - 264. What is the highest common divisor of y and 36?
9
Suppose 0*t - 27 = -2*t - w, 79 = 4*t - 3*w. Let l = 3024 - 2896. What is the highest common divisor of l and t?
16
Let g(s) = s**3 - 2*s**2 - 2*s - 7. Let d(z) = z**2 + z - 2. Let h be d(2). Let k be g(h). Calculate the highest common factor of 85 and k.
17
Suppose 0 = 3*m + 7*t - 3*t - 52, -t = -4*m + 44. Let a be (3 + -1)/((-2)/206). Let l = -98 - a. What is the highest common factor of m and l?
12
Let p(t) = -t**2 - 4*t. Let m be p(-2). Suppose m*y + 152 = 4*i, 2*i = -4*y + 34 + 66. Suppose -2*c + i = -0*c. What is the highest common factor of c and 63?
21
Let d be (200/10)/(2*1). Let p = d - 6. Suppose -4 = -u - l, -u = p*u - l - 2. Calculate the greatest common divisor of 1 and u.
1
Let a be 102/((-15)/5 - -4). What is the highest common factor of 18 and a?
6
Let i be 3 - (-1)/2*-2. Suppose 28 = -3*j + 34. Suppose h - 15 = -i*x + 51, -135 = -j*h - 3*x. Calculate the highest common divisor of h and 9.
9
Let u(o) = o + 3. Let d be u(-5). Let f be (-29)/(-5) - d/10. Suppose -96 + 480 = f*t. What is the highest common divisor of 16 and t?
16
Suppose 1305 + 585 = 7*w. What is the highest common factor of 180 and w?
90
Let i = 135 - 62. Calculate the greatest common divisor of 803 and i.
73
Let a be 1/(-6) + (-139)/(-6). Let m = 1 + a. Suppose -5*p + 164 = -2*o, -2*p = 3*o - 34 - m. What is the highest common factor of p and 8?
8
Suppose 47*l - 32*l - 1875 = 0. What is the greatest common divisor of 75 and l?
25
Let r = 287 - 272. What is the highest common divisor of r and 15?
15
Let f(s) = s**3 - 6*s**2 + 6*s - 2. Let n be f(5). Suppose -3*h + 0*d = -3*d - 192, -4*d = -n*h + 190. Calculate the greatest common divisor of 22 and h.
22
Let k be (-2 - -121) + (-1 - -3). Let p be (k - 2) + -1 + 1. Suppose 0 = 89*f - 83*f - 102. Calculate the highest common factor of p and f.
17
Let f = -148 - -473. What is the greatest common divisor of 13 and f?
13
Let u(f) = -8*f - 12. Let h be (16/(-24))/((-1)/3). Suppose h*t + 4*n = 4, -n = -3*t + 4*n - 38. Let m be u(t). Calculate the highest common divisor of m and 4.
4
Let x = 85 + -74. What is the highest common divisor of 11 and x?
11
Let w(v) = -v**2 - 9*v. Suppose 16 = -2*m - 2*x, -4*m + 3*x - 4 = -0. Let k be w(m). Calculate the highest common factor of 40 and k.
20
Suppose 0 = 2*a + 3*a - 65. Let v be 49/(-14)*2 + 72 + 0. What is the highest common divisor of v and a?
13
Let z be (0 + (-6)/(-4))/(37/222). What is the highest common divisor of 144 and z?
9
Let x(z) = 2*z**2 - 3*z - 2. Let f be x(-4). Let s = -106 + f. Let a be 16/s + (-17)/(-4). What is the highest common factor of 10 and a?
2
Let p be 0/(2/(-2)) + 18. Suppose -3*h + 5*l + 64 = 0, 515*l = 518*l + 6. What is the highest common factor of p and h?
18
Suppose -2*l = -5*j + 426, -2*j - 2*l = -4*j + 174. What is the highest common divisor of j and 357?
21
Let q be 140/(-44) + 3 - 2052/(-33). What is the greatest common divisor of q and 124?
62
Suppose -19*y = -628 - 553 - 415. Let w(v) = -14*v. Let a be w(-4). What is the highest common factor of a and y?
28
Let u = -18 - -23. Suppose 56 = -u*b - 34. Let t be ((-48)/b)/(1/15). Calculate the highest common factor of t and 4.
4
Let k = -451 - -787. Let z be (k/(-64))/(3/(-4)). Calculate the highest common divisor of z and 56.
7
Let q = 198 - 110. Let i be 18 + ((-2)/(-5) - q/(-55)). Calculate the highest common divisor of i and 4.
4
Let t(g) = g**3 - g + 7. Let q be t(0). Let s = -30 - -26. Let r be s/(-5) + (-2)/(-10). What is the highest common divisor of r and q?
1
Let q(k) = 0*k**3 + 11*k - 7*k**2 + 4*k**3 - 3*k**3 + 21 - 25*k. Let o be q(9). What is the highest common factor of o and 38?
19
Suppose 0 = 2*a - 38 + 14. Calculate the highest common factor of a and 1